Suppose w*g = 17*g - 164. What is the tens digit of g?
4
Suppose 2*j = -2*x, 5*x + 3*j = 15 - 5. Let r be (-14)/(-4) + x/10. Suppose 28 - r = c. What is the units digit of c?
4
Suppose -3*t - 53 + 20 = 0. Let q = t + 15. Suppose 2*x = -5*p + x + 307, q*x = -p + 50. What is the tens digit of p?
6
Suppose 0 = 2*z - 3*c - 137, -4*z + 3*c - c + 294 = 0. What is the units digit of z/14 - (-30)/(-70)?
5
Suppose 2*y + 8 = 0, -6*w - 2*y + 1660 = -2*w. What is the hundreds digit of w?
4
Suppose 3*i = 43 + 62. Let k = i - -54. What is the tens digit of k?
8
Let q(j) = 53*j**2 - 10*j - 19. What is the hundreds digit of q(7)?
5
Let r be (-2)/5 + (-174)/(-10). Suppose -11*j + 73 = 29. Suppose -r = -j*h - 9. What is the units digit of h?
2
Suppose 0*p = 3*k - 2*p + 326, 5*k - 4*p = -546. Let f = k + 188. What is the tens digit of f?
8
Let h = 2 - -1. Suppose 0 = -4*x - 5*b + 36, -h*x + 28 = 5*b - b. What is the units digit of x?
4
Suppose 4*z = -m + 3*z + 3, 5*z - 5 = 0. Suppose -17*j + 23*j = 24. Suppose 3*o = 3*n, -m*o + j + 2 = n. What is the units digit of n?
2
Let c(k) = 289*k**2 - 3*k - 8. What is the thousands digit of c(-2)?
1
Suppose 8 + 7 = 3*f. Suppose 168 = f*u - 807. What is the tens digit of u?
9
Let d be (-1)/(-2) - 21/6. Let q be (-1)/(-1 - d - 3). What is the tens digit of (-3)/6*(-44)/q?
2
Let d(t) = 25*t**3 + 4*t**2 - 45*t + 163. What is the thousands digit of d(4)?
1
Suppose 3 = q + 3*f + 10, -4*q + 2*f + 14 = 0. Let z(h) = 2*h + 11. Let x be z(0). Suppose -q*i + x = -27. What is the units digit of i?
9
Let w(f) be the first derivative of -f**5/120 + 11*f**4/24 + 7*f**3/3 + 7. Let i(l) be the third derivative of w(l). What is the units digit of i(9)?
2
Suppose -2*r + 3*w = 165, 0 = -3*r - 4*w - 7 - 232. Let n be 1/7 + r/(-21). Suppose 5*d + n*u - 248 = 0, 4*d + u = 41 + 153. What is the units digit of d?
8
Let v be (-7 - (-3 - 1))/(3/(-12)). Suppose -4*i - i + 55 = 0. Let r = v - i. What is the units digit of r?
1
Let s = 17 - 73. Let c = s - -33. Let n = 41 + c. What is the units digit of n?
8
Let i(p) = p**3 - 6*p**2 - 2*p + 12. Let a be i(5). Let t = 106 + a. What is the tens digit of t?
8
Let v(b) = 3*b**2 - 7*b + 102. What is the units digit of v(13)?
8
Let c be (3 - (9 - 3)) + 9. Let q be 88/c + (-1)/(-3). Let p = 31 - q. What is the units digit of p?
6
Suppose -493 = -5*w - 4*j + 417, 0 = 5*j - 25. Let p = w + -106. Suppose -3*l = -p - 3. What is the units digit of l?
5
Suppose 6*w + 423 - 795 = 0. What is the units digit of w?
2
Let j(l) = -43 + 94*l**2 - 4*l + 8 + 18 + 14. What is the units digit of j(-1)?
5
Let y = 56 - 34. Let r = -46 + y. What is the units digit of (-1)/(-2)*r/(-1)?
2
Let j(d) = 1. Let y(l) = 4*l + 5. Let p(t) = 22*j(t) + 2*y(t). What is the tens digit of p(15)?
5
Let z be -1 + 5 + 1*-2. Suppose -2*o + z = -o. Suppose d + 2*w = 13, d = o*w - 4 + 29. What is the tens digit of d?
1
Let u(a) = a**3 - 3*a**2 - 4*a + 4. Let x be u(4). Suppose -x*f = 81 - 305. What is the tens digit of f?
5
Let m be (33/22)/(3/16). Suppose 8 = 4*p - m, 2*b = -4*p + 44. What is the units digit of b?
4
Let p be (3/9)/((-2)/(-24)). Suppose -4*m + 4*i + 20 - 8 = 0, p*m = -2*i + 24. Suppose m*f + 2*n - 83 = 0, f + 5*n - 7 = 5. What is the tens digit of f?
1
Let d be (78/21 - 2)/((-1)/(-35)). Let c = d - 36. What is the tens digit of c?
2
Let d be (141/(-5))/((-1)/(-5)). What is the units digit of 4/(6/(-3)) - d?
9
Let j(h) = h**3 + 8*h**2 + 5*h - 8. Let m be j(-7). Suppose -5*s + 8*s = m. Suppose -5*r = -g - 65, r = -g - s + 9. What is the units digit of r?
2
Let i = 20 + -14. Let p = 10 - i. Suppose p*s + 0*s = 192. What is the tens digit of s?
4
Let q be 4/((-36)/8 - -4). Let a(p) = -p**2 - 11*p - 17. What is the units digit of a(q)?
7
Suppose 3*z - 4 = 20. Suppose -15 = 5*r - z*r. What is the units digit of r?
5
Let f be 36/(-45) - (-229)/5. Let r(v) = 2*v**2 - 4*v - 2. Let m be r(-5). Let g = m - f. What is the units digit of g?
3
Let s(d) = 2*d**2 + d + 3. Let m be s(-2). Suppose m*q + 350 = 16*q. What is the tens digit of q?
5
Let o(v) = 4*v**2 - 13*v - 65. What is the units digit of o(-8)?
5
Suppose -3 + 2 = 4*j + 5*w, 0 = 4*j - 3*w + 25. Let t be (-2)/j + 472/(-16). Let z = t - -53. What is the tens digit of z?
2
Suppose 0 = -43*g + 46*g - 5607. What is the thousands digit of g?
1
Let h = -53 + 69. What is the units digit of 411/4 - (132/h)/11?
2
Let q be 3/(-3*1/(-3)). Suppose -i = -q*i. Let b(p) = p**2 + p + 3. What is the units digit of b(i)?
3
Let v = 5 + -3. Suppose -5*b - 14 = -v*f + 13, -b - 47 = -2*f. Let j = f + -14. What is the tens digit of j?
1
Let f = -1085 - -2850. What is the hundreds digit of f?
7
Suppose 5*r - 2633 - 1317 = -5*b, r = 3*b + 786. What is the hundreds digit of r?
7
What is the hundreds digit of (-1 - (-4)/3)/(47/46812)?
3
Let d(m) = -m**3 - 12*m**2 - 11*m - 8. Let y be d(-11). Let s = y + 20. Suppose 0 = f - 46 + s. What is the tens digit of f?
3
Let c = -7 - -9. Suppose -4 = c*h, 2*x + 5*h = -0*x + 50. What is the units digit of x?
0
Let j = 3252 - 488. What is the thousands digit of j?
2
Let j be 2 + (-2 + 5 - -50). Suppose -w - 11 = -4*m + j, -4*m = -3*w - 70. Suppose 21 = m*t - 13*t. What is the units digit of t?
7
Suppose 4*h - 7 = 5, 4*z - 32 = -4*h. Suppose z*n - j = -2*j + 12, 2*n - j = 2. Suppose 3*i = n*d + 9, -i + 37 = 4*i + 4*d. What is the units digit of i?
5
Suppose 11*r = 10*r + 6. Suppose -w + 2*w = 0, 3*a - r = -w. Suppose -a*j - 2 = -4*d + 110, 2*d = -j + 48. What is the tens digit of d?
2
Let f(u) = -u**3 + 4*u**2 - 3*u + 1. Let s(v) = v**2 - 7*v + 2. Let h be s(7). Suppose -h - 8 = -5*w. What is the units digit of f(w)?
3
Let f be (-70)/(-15)*(-54)/(-7). Let v = f - 85. Let j = -13 - v. What is the tens digit of j?
3
Suppose 211 = 2*p - 113. Suppose 15*a = 6*a + p. What is the tens digit of a?
1
Suppose 7*p = 207 - 53. Suppose -5*o + 233 = -p. What is the units digit of o?
1
Let p(k) be the third derivative of k**6/180 - k**5/20 - k**4/6 + 2*k**3/3 + 5*k**2. Let b(t) be the first derivative of p(t). What is the units digit of b(6)?
2
Let k = 518 - 257. Suppose -2*g + 252 = -2*f, -2*g = -3*f - 2*f - k. What is the units digit of g?
3
Let d be 2 + ((-40)/(-5))/4. Suppose 2*a = d*n - 131 - 135, 44 = n + 4*a. What is the units digit of n?
4
Suppose -2 = -2*r + 3*y, 2*y = -r + 6*y + 11. Let i(q) = -5*q**2 + 2*q**2 + 89 - q**3 + 87 + 94 + 2*q - 279. What is the units digit of i(r)?
1
Suppose -4*w + 781 = o, -3*o + 106*w - 108*w = -2293. What is the hundreds digit of o?
7
Suppose -5*s + 21 = -2*i + 4*i, s + 6 = 3*i. What is the units digit of 93/(s/(-8)*(-9 - -7))?
4
Let n(k) = k**2 + 16*k + 55. Let a be n(-10). Let t(d) be the third derivative of -11*d**4/24 - 4*d**3/3 - d**2. What is the tens digit of t(a)?
4
Let r be (29/(-3) - 1)/(12/(-18)). What is the tens digit of r*3 - (-2 + (-3)/(-1))?
4
Let a = -128 + 2053. What is the units digit of a?
5
Let y = 237 + -79. What is the units digit of y?
8
Let q be 12/(244/700 - (-6)/(-14)). What is the units digit of ((-15)/9)/(5/q)?
0
Let k(g) = -239*g + 26. What is the hundreds digit of k(-15)?
6
Suppose -3*a + 18 = 5*p + 2, -3*a - 29 = -4*p. What is the tens digit of -30*3/27*a?
1
Suppose 3 = -10*n + 9*n. What is the hundreds digit of (8 + n)/5 - -243?
2
Suppose -5*j = -14728 - 2832. What is the thousands digit of j?
3
Let j(w) = 30*w - 55. Suppose -3*m + 41 = 8. What is the hundreds digit of j(m)?
2
Let y(o) = o**3 - 11*o**2 - 12*o - 10. Let r be y(12). What is the units digit of ((-32)/r)/((-22)/(-55))?
8
Let o = -25 + 1216. What is the hundreds digit of o?
1
Suppose w + 12 = -2*r, -3*w - 5*r - 35 = 2*w. What is the tens digit of (-2)/8 + w/(32/(-1060))?
6
Suppose 30*q - 1655 = 25*q. What is the tens digit of q?
3
Let a = -25 - -21. Let r = 8 + a. Suppose 5*b - r*j - 60 = 0, -22 = -b + 2*j - 4. What is the units digit of b?
8
Suppose -7 = 3*j - 16. What is the units digit of (-10*5/(-6))/(j/18)?
0
Let z be 3/5 - (-106)/(-10). Let f be 7/35 + (-38)/z. Let s = 9 - f. What is the units digit of s?
5
Suppose 2*f = 4*u - 9824, 0*u + u - 2461 = 3*f. What is the tens digit of u?
5
Let l(v) = -v**3 + 16*v**2 + 18*v - 10. Let j be l(17). Let w(x) = -x**3 + 7*x**2 + 5*x - 10. What is the units digit of w(j)?
5
Let z(n) = 32*n + 46. What is th